{"id":122,"date":"2022-04-14T14:04:39","date_gmt":"2022-04-14T12:04:39","guid":{"rendered":"https:\/\/studiopilates-niort.com\/?page_id=122"},"modified":"2022-06-06T16:46:28","modified_gmt":"2022-06-06T14:46:28","slug":"acces","status":"publish","type":"page","link":"https:\/\/studiopilates-niort.com\/?page_id=122","title":{"rendered":"Acc\u00e8s"},"content":{"rendered":"\t\t<div data-elementor-type=\"wp-page\" data-elementor-id=\"122\" class=\"elementor elementor-122\">\n\t\t\t\t\t\t<div class=\"elementor-inner\">\n\t\t\t\t<div class=\"elementor-section-wrap\">\n\t\t\t\t\t\t\t\t\t<section class=\"elementor-section elementor-top-section elementor-element elementor-element-d937018 elementor-section-boxed elementor-section-height-default elementor-section-height-default\" data-id=\"d937018\" data-element_type=\"section\">\n\t\t\t\t\t\t<div class=\"elementor-container elementor-column-gap-default\">\n\t\t\t\t\t\t\t<div class=\"elementor-row\">\n\t\t\t\t\t<div class=\"elementor-column elementor-col-100 elementor-top-column elementor-element elementor-element-b16795b\" data-id=\"b16795b\" data-element_type=\"column\">\n\t\t\t<div class=\"elementor-column-wrap elementor-element-populated\">\n\t\t\t\t\t\t\t<div class=\"elementor-widget-wrap\">\n\t\t\t\t\t\t<div class=\"elementor-element elementor-element-2a7cbe0 elementor-widget elementor-widget-heading\" data-id=\"2a7cbe0\" data-element_type=\"widget\" data-widget_type=\"heading.default\">\n\t\t\t\t<div class=\"elementor-widget-container\">\n\t\t\t<h2 class=\"elementor-heading-title elementor-size-default\">Acc\u00e8s<\/h2>\t\t<\/div>\n\t\t\t\t<\/div>\n\t\t\t\t\t\t<\/div>\n\t\t\t\t\t<\/div>\n\t\t<\/div>\n\t\t\t\t\t\t\t\t<\/div>\n\t\t\t\t\t<\/div>\n\t\t<\/section>\n\t\t\t\t<section class=\"elementor-section elementor-top-section elementor-element elementor-element-a803fc9 elementor-section-boxed elementor-section-height-default elementor-section-height-default\" data-id=\"a803fc9\" data-element_type=\"section\">\n\t\t\t\t\t\t<div class=\"elementor-container elementor-column-gap-default\">\n\t\t\t\t\t\t\t<div class=\"elementor-row\">\n\t\t\t\t\t<div class=\"elementor-column elementor-col-50 elementor-top-column elementor-element elementor-element-41bbd09\" data-id=\"41bbd09\" data-element_type=\"column\">\n\t\t\t<div class=\"elementor-column-wrap elementor-element-populated\">\n\t\t\t\t\t\t\t<div class=\"elementor-widget-wrap\">\n\t\t\t\t\t\t<div class=\"elementor-element elementor-element-141bf1e elementor-widget elementor-widget-google_maps\" data-id=\"141bf1e\" data-element_type=\"widget\" data-widget_type=\"google_maps.default\">\n\t\t\t\t<div class=\"elementor-widget-container\">\n\t\t\t\t\t<div class=\"elementor-custom-embed\">\n\t\t\t<iframe frameborder=\"0\" scrolling=\"no\" marginheight=\"0\" marginwidth=\"0\"\n\t\t\t\t\tsrc=\"https:\/\/maps.google.com\/maps?q=191%20avenue%20de%20Limoges%20niort&#038;t=m&#038;z=14&#038;output=embed&#038;iwloc=near\"\n\t\t\t\t\ttitle=\"191 avenue de Limoges niort\"\n\t\t\t\t\taria-label=\"191 avenue de Limoges niort\"\n\t\t\t><\/iframe>\n\t\t<\/div>\n\t\t\t\t<\/div>\n\t\t\t\t<\/div>\n\t\t\t\t\t\t<\/div>\n\t\t\t\t\t<\/div>\n\t\t<\/div>\n\t\t\t\t<div class=\"elementor-column elementor-col-50 elementor-top-column elementor-element elementor-element-b37822b\" data-id=\"b37822b\" data-element_type=\"column\">\n\t\t\t<div class=\"elementor-column-wrap elementor-element-populated\">\n\t\t\t\t\t\t\t<div class=\"elementor-widget-wrap\">\n\t\t\t\t\t\t<div class=\"elementor-element elementor-element-45fe960 elementor-widget elementor-widget-text-editor\" data-id=\"45fe960\" data-element_type=\"widget\" data-widget_type=\"text-editor.default\">\n\t\t\t\t<div class=\"elementor-widget-container\">\n\t\t\t\t\t\t\t\t<div class=\"elementor-text-editor elementor-clearfix\">\n\t\t\t\t<p><span style=\"font-family: Roboto, sans-serif; font-size: 14px; font-style: normal; font-variant-ligatures: normal; font-variant-caps: normal; font-weight: 400; color: var( --e-global-color-text );\">Le studio Pilates se trouve au 191 avenue de Limoges \u00e0 Niort.<\/span><\/p><p><span style=\"font-family: Roboto, sans-serif; font-size: 14px; font-style: normal; font-variant-ligatures: normal; font-variant-caps: normal; font-weight: 400; color: var( --e-global-color-text );\">Le stationnement y est facile et assur\u00e9.<\/span><\/p>\t\t\t\t\t<\/div>\n\t\t\t\t\t\t<\/div>\n\t\t\t\t<\/div>\n\t\t\t\t\t\t<\/div>\n\t\t\t\t\t<\/div>\n\t\t<\/div>\n\t\t\t\t\t\t\t\t<\/div>\n\t\t\t\t\t<\/div>\n\t\t<\/section>\n\t\t\t\t\t\t\t\t\t<\/div>\n\t\t\t<\/div>\n\t\t\t\t\t<\/div>\n\t\t","protected":false},"excerpt":{"rendered":"<p>Acc\u00e8s Le studio Pilates se trouve au 191 avenue de Limoges \u00e0 Niort. Le stationnement y est facile et assur\u00e9.<\/p>\n","protected":false},"author":1,"featured_media":0,"parent":0,"menu_order":0,"comment_status":"closed","ping_status":"closed","template":"","meta":{"_monsterinsights_skip_tracking":false,"_monsterinsights_sitenote_active":false,"_monsterinsights_sitenote_note":"","_monsterinsights_sitenote_category":0,"spay_email":""},"yoast_head":"<!-- This site is optimized with the Yoast SEO plugin v18.6 - https:\/\/yoast.com\/wordpress\/plugins\/seo\/ -->\n<title>Acc\u00e8s - Studio Pilates de Niort<\/title>\n<meta name=\"robots\" content=\"index, follow, max-snippet:-1, max-image-preview:large, max-video-preview:-1\" \/>\n<link rel=\"canonical\" href=\"https:\/\/studiopilates-niort.com\/?page_id=122\" \/>\n<meta property=\"og:locale\" content=\"fr_FR\" \/>\n<meta property=\"og:type\" content=\"article\" \/>\n<meta property=\"og:title\" content=\"Acc\u00e8s - Studio Pilates de Niort\" \/>\n<meta property=\"og:description\" content=\"Acc\u00e8s Le studio Pilates se trouve au 191 avenue de Limoges \u00e0 Niort. Le stationnement y est facile et assur\u00e9.\" \/>\n<meta property=\"og:url\" content=\"https:\/\/studiopilates-niort.com\/?page_id=122\" \/>\n<meta property=\"og:site_name\" content=\"Studio Pilates de Niort\" \/>\n<meta property=\"article:modified_time\" content=\"2022-06-06T14:46:28+00:00\" \/>\n<meta name=\"twitter:card\" content=\"summary_large_image\" \/>\n<meta name=\"twitter:label1\" content=\"Dur\u00e9e de lecture estim\u00e9e\" \/>\n\t<meta name=\"twitter:data1\" content=\"1 minute\" \/>\n<script type=\"application\/ld+json\" class=\"yoast-schema-graph\">{\"@context\":\"https:\/\/schema.org\",\"@graph\":[{\"@type\":\"WebSite\",\"@id\":\"https:\/\/studiopilates-niort.com\/#website\",\"url\":\"https:\/\/studiopilates-niort.com\/\",\"name\":\"Studio Pilates de Niort\",\"description\":\"Cours de Pilates particuliers sur machines (reformer, cadillac, barrel, wunda chair) et semi collectifs au sol ; \u00e9cole Romana&#039;s Pilates\",\"potentialAction\":[{\"@type\":\"SearchAction\",\"target\":{\"@type\":\"EntryPoint\",\"urlTemplate\":\"https:\/\/studiopilates-niort.com\/?s={search_term_string}\"},\"query-input\":\"required name=search_term_string\"}],\"inLanguage\":\"fr-FR\"},{\"@type\":\"WebPage\",\"@id\":\"https:\/\/studiopilates-niort.com\/?page_id=122#webpage\",\"url\":\"https:\/\/studiopilates-niort.com\/?page_id=122\",\"name\":\"Acc\u00e8s - Studio Pilates de Niort\",\"isPartOf\":{\"@id\":\"https:\/\/studiopilates-niort.com\/#website\"},\"datePublished\":\"2022-04-14T12:04:39+00:00\",\"dateModified\":\"2022-06-06T14:46:28+00:00\",\"breadcrumb\":{\"@id\":\"https:\/\/studiopilates-niort.com\/?page_id=122#breadcrumb\"},\"inLanguage\":\"fr-FR\",\"potentialAction\":[{\"@type\":\"ReadAction\",\"target\":[\"https:\/\/studiopilates-niort.com\/?page_id=122\"]}]},{\"@type\":\"BreadcrumbList\",\"@id\":\"https:\/\/studiopilates-niort.com\/?page_id=122#breadcrumb\",\"itemListElement\":[{\"@type\":\"ListItem\",\"position\":1,\"name\":\"Accueil\",\"item\":\"https:\/\/studiopilates-niort.com\/\"},{\"@type\":\"ListItem\",\"position\":2,\"name\":\"Acc\u00e8s\"}]}]}<\/script>\n<!-- \/ Yoast SEO plugin. -->","yoast_head_json":{"title":"Acc\u00e8s - Studio Pilates de Niort","robots":{"index":"index","follow":"follow","max-snippet":"max-snippet:-1","max-image-preview":"max-image-preview:large","max-video-preview":"max-video-preview:-1"},"canonical":"https:\/\/studiopilates-niort.com\/?page_id=122","og_locale":"fr_FR","og_type":"article","og_title":"Acc\u00e8s - Studio Pilates de Niort","og_description":"Acc\u00e8s Le studio Pilates se trouve au 191 avenue de Limoges \u00e0 Niort. Le stationnement y est facile et assur\u00e9.","og_url":"https:\/\/studiopilates-niort.com\/?page_id=122","og_site_name":"Studio Pilates de Niort","article_modified_time":"2022-06-06T14:46:28+00:00","twitter_card":"summary_large_image","twitter_misc":{"Dur\u00e9e de lecture estim\u00e9e":"1 minute"},"schema":{"@context":"https:\/\/schema.org","@graph":[{"@type":"WebSite","@id":"https:\/\/studiopilates-niort.com\/#website","url":"https:\/\/studiopilates-niort.com\/","name":"Studio Pilates de Niort","description":"Cours de Pilates particuliers sur machines (reformer, cadillac, barrel, wunda chair) et semi collectifs au sol ; \u00e9cole Romana&#039;s Pilates","potentialAction":[{"@type":"SearchAction","target":{"@type":"EntryPoint","urlTemplate":"https:\/\/studiopilates-niort.com\/?s={search_term_string}"},"query-input":"required name=search_term_string"}],"inLanguage":"fr-FR"},{"@type":"WebPage","@id":"https:\/\/studiopilates-niort.com\/?page_id=122#webpage","url":"https:\/\/studiopilates-niort.com\/?page_id=122","name":"Acc\u00e8s - Studio Pilates de Niort","isPartOf":{"@id":"https:\/\/studiopilates-niort.com\/#website"},"datePublished":"2022-04-14T12:04:39+00:00","dateModified":"2022-06-06T14:46:28+00:00","breadcrumb":{"@id":"https:\/\/studiopilates-niort.com\/?page_id=122#breadcrumb"},"inLanguage":"fr-FR","potentialAction":[{"@type":"ReadAction","target":["https:\/\/studiopilates-niort.com\/?page_id=122"]}]},{"@type":"BreadcrumbList","@id":"https:\/\/studiopilates-niort.com\/?page_id=122#breadcrumb","itemListElement":[{"@type":"ListItem","position":1,"name":"Accueil","item":"https:\/\/studiopilates-niort.com\/"},{"@type":"ListItem","position":2,"name":"Acc\u00e8s"}]}]}},"_links":{"self":[{"href":"https:\/\/studiopilates-niort.com\/index.php?rest_route=\/wp\/v2\/pages\/122"}],"collection":[{"href":"https:\/\/studiopilates-niort.com\/index.php?rest_route=\/wp\/v2\/pages"}],"about":[{"href":"https:\/\/studiopilates-niort.com\/index.php?rest_route=\/wp\/v2\/types\/page"}],"author":[{"embeddable":true,"href":"https:\/\/studiopilates-niort.com\/index.php?rest_route=\/wp\/v2\/users\/1"}],"replies":[{"embeddable":true,"href":"https:\/\/studiopilates-niort.com\/index.php?rest_route=%2Fwp%2Fv2%2Fcomments&post=122"}],"version-history":[{"count":32,"href":"https:\/\/studiopilates-niort.com\/index.php?rest_route=\/wp\/v2\/pages\/122\/revisions"}],"predecessor-version":[{"id":781,"href":"https:\/\/studiopilates-niort.com\/index.php?rest_route=\/wp\/v2\/pages\/122\/revisions\/781"}],"wp:attachment":[{"href":"https:\/\/studiopilates-niort.com\/index.php?rest_route=%2Fwp%2Fv2%2Fmedia&parent=122"}],"curies":[{"name":"wp","href":"https:\/\/api.w.org\/{rel}","templated":true}]}}